iple of 40?
True
Does 19 divide 210681?
False
Does 4 divide 6105?
False
Does 373 divide 114060?
False
Is 5640554 a multiple of 19?
False
Is 3023309 a multiple of 32?
False
Is 1182086 a multiple of 315?
False
Is 133 a factor of 12306942?
False
Is 18 a factor of 685659?
False
Is 369 a factor of 318037?
False
Is 103 a factor of 53663?
True
Does 27 divide 3537054?
True
Is 19 a factor of 15217878?
False
Is 12 a factor of 3596112?
True
Is 930 a factor of 960690?
True
Does 138 divide 15594?
True
Is 203 a factor of 72318?
False
Is 30 a factor of 163317?
False
Is 257950 a multiple of 67?
True
Is 4866028 a multiple of 752?
False
Does 8 divide 58552?
True
Is 6 a factor of 847306?
False
Is 12 a factor of 262926?
False
Is 307930 a multiple of 83?
True
Is 560 a factor of 5624640?
True
Does 179 divide 17152?
False
Does 245 divide 81243?
False
Does 32 divide 2283077?
False
Does 27 divide 62505?
True
Is 265 a factor of 309785?
True
Is 1903176 a multiple of 297?
True
Is 4 a factor of 4185132?
True
Does 343 divide 440755?
True
Is 45 a factor of 865575?
True
Is 228 a factor of 310272?
False
Does 6 divide 6704431?
False
Does 11 divide 278949?
True
Is 50 a factor of 50100?
True
Is 249996 a multiple of 498?
True
Is 12 a factor of 27041964?
True
Is 2627649 a multiple of 369?
True
Is 134857 a multiple of 29?
False
Is 3720 a multiple of 40?
True
Is 148316 a multiple of 28?
True
Does 43 divide 345334?
False
Is 41 a factor of 14398980?
False
Does 127 divide 174371?
True
Is 103238 a multiple of 41?
True
Does 33 divide 1030128?
True
Does 38 divide 2308500?
True
Does 14 divide 1986418?
True
Is 559 a factor of 1605703?
False
Does 12 divide 15627?
False
Is 28 a factor of 134186?
False
Does 58 divide 282228?
True
Does 73 divide 796503?
True
Does 239 divide 1639540?
True
Is 29 a factor of 465015?
True
Is 483794 a multiple of 36?
False
Does 18 divide 384264?
True
Does 94 divide 73468?
False
Does 178 divide 79794?
False
Is 1281520 a multiple of 31?
False
Is 301063 a multiple of 7?
True
Is 241997 a multiple of 4?
False
Does 152 divide 137670?
False
Is 5536323 a multiple of 117?
True
Is 30192 a multiple of 23?
False
Is 534436 a multiple of 7?
True
Is 87990 a multiple of 19?
False
Is 73 a factor of 3170414?
False
Does 15 divide 2064645?
True
Is 429494 a multiple of 7?
False
Is 196 a factor of 360444?
True
Is 557684 a multiple of 22?
False
Is 127 a factor of 59410?
False
Does 7 divide 23232?
False
Does 22 divide 3586286?
True
Does 760 divide 251560?
True
Is 8 a factor of 139106?
False
Does 2 divide 143468?
True
Is 1392389 a multiple of 207?
False
Does 19 divide 6151290?
False
Does 90 divide 262611?
False
Is 1465089 a multiple of 197?
True
Is 124362 a multiple of 63?
True
Does 65 divide 464627?
False
Does 18 divide 854838?
True
Is 70 a factor of 35700?
True
Is 128 a factor of 32875136?
True
Is 454 a factor of 712088?
False
Is 1207958 a multiple of 43?
False
Is 83995 a multiple of 157?
True
Is 29 a factor of 32335?
True
Does 124 divide 688441?
False
Does 16 divide 131759?
False
Does 9 divide 2366550?
True
Does 8 divide 4276?
False
Is 2725145 a multiple of 7?
False
Is 551934 a multiple of 18?
True
Is 10800 a multiple of 40?
True
Is 1765081 a multiple of 21?
False
Does 21 divide 2937942?
True
Does 27 divide 1206167?
False
Does 220 divide 17142620?
True
Is 15 a factor of 220965?
True
Is 563624 a multiple of 47?
True
Is 120497 a multiple of 237?
False
Is 13 a factor of 342720?
False
Is 169 a factor of 1769241?
False
Is 403 a multiple of 47?
False
Is 6 a factor of 737628?
True
Is 10780436 a multiple of 633?
False
Does 10 divide 282596?
False
Does 4 divide 39608?
True
Is 725289 a multiple of 577?
True
Is 2647194 a multiple of 209?
True
Is 277 a factor of 279222?
False
Is 132528 a multiple of 37?
False
Does 23 divide 180412?
True
Does 6 divide 412774?
False
Is 659477 a multiple of 7?
True
Is 2608164 a multiple of 11?
False
Is 375 a factor of 175500?
True
Is 185659 a multiple of 2?
False
Is 8 a factor of 669883?
False
Does 252 divide 179928?
True
Does 10 divide 55920?
True
Is 4 a factor of 10203?
False
Is 943351 a multiple of 15?
False
Is 12 a factor of 73347?
False
Does 31 divide 1863038?
True
Is 94 a factor of 499422?
True
Is 723919 a multiple of 22?
False
Is 157549 a multiple of 17?
False
Is 9 a factor of 28710?
True
Is 77571 a multiple of 17?
True
Does 641 divide 6629222?
True
Does 218 divide 94176?
True
Does 11 divide 279789?
False
Does 18 divide 2444862?
False
Is 17 a factor of 3819050?
True
Is 87564 a multiple of 28?
False
Is 139305 a multiple of 111?
True
Is 127710 a multiple of 774?
True
Is 10438328 a multiple of 301?
False
Is 763 a factor of 6443004?
False
Does 3 divide 7864?
False
Does 78 divide 19535221?
False
Is 35883 a multiple of 45?
False
Is 398070 a multiple of 9?
True
Is 112725 a multiple of 25?
True
Is 61 a factor of 131158?
False
Is 54 a factor of 6583783?
False
Does 60 divide 117060?
True
Is 11885 a multiple of 84?
False
Is 2115525 a multiple of 457?
False
Is 203 a factor of 210206?
False
Is 7 a factor of 372183?
True
Does 47 divide 34880?
False
Does 20 divide 69180?
True
Is 2394690 a multiple of 439?
False
Is 162277 a multiple of 304?
False
Is 2672880 a multiple of 70?
True
Is 5212 a multiple of 52?
False
Does 468 divide 767988?
True
Is 3635025 a multiple of 255?
True
Is 31 a factor of 93434?
True
Is 28 a factor of 210481?
False
Is 85644 a multiple of 54?
True
Is 54328 a multiple of 15?
False
Is 98 a factor of 77322?
True
Is 137 a factor of 430397?
False
Does 56 divide 27570383?
False
Does 29 divide 367016?
False
Does 11 divide 2537458?
True
Is 106894 a multiple of 19?
True
Does 142 divide 1471972?
True
Is 8 a factor of 88842?
False
Is 3257730 a multiple of 315?
True
Does 18 divide 2866788?
True
Does 74 divide 371406?
True
Is 16 a factor of 35874?
False
Does 256 divide 1296179?
False
Is 40862 a multiple of 3?
False
Is 60 a factor of 2933754?
False
Is 3607849 a multiple of 102?
False
Does 306 divide 5726777?
False
Is 2389692 a multiple of 509?
False
Does 175 divide 4768575?
True
Is 71 a factor of 75404?
False
Is 2814 a factor of 12504157?
False
Is 6 a factor of 646704?
True
Is 141 a factor of 1385469?
False
Is 18 a factor of 324?
True
Does 6 divide 195379?
False
Is 12654994 a multiple of 29?
False
Does 119 divide 53788?
True
Is 628 a factor of 10230120?
True
Does 28 divide 117151?
False
Is 9677520 a multiple of 30?
True
Is 5 a factor of 81937?
False
Is 41158 a multiple of 13?
True
Is 71 a factor of 548262?
True
Does 102 divide 186755?
False
Does 43 divide 1281271?
True
Is 64 a factor of 5998?
False
Does 116 divide 12180696?
True
Is 586 a factor of 2612974?
True
Is 124266 a multiple of 149?
True
Does 11 divide 4964256?
True
Does 31 divide 21104475?
False
Does 43 divide 229431?
False
Is 389 a factor of 4378584?
True
Does 7 divide 873614?
True
Does 265 divide 609235?
True
Is 2240473 a multiple of 473?
False
Is 715744 a multiple of 29?
False
Does 460 divide 1292434?
False
Does 1395 divide 2007405?
True
Is 125734 a multiple of 49?
True
Is 3 a factor of 4069?
False
Is 50323 a multiple of 7?
True
Does 824 divide 5340344?
True
Does 315 divide 449125?
False
Does 332 divide 2308728?
True
Is 182985 a multiple of 79?
False
Is 101581 a multiple of 5?
False
Does 186 divide 175770?
True
Does 66 divide 56700?
False
Does 165 divide 89430?
True
Is 279082 a multiple of 46?
True
Does 12 divide 587125?
False
Is 48 a factor of 126144?
True
Is 1037579 a multiple of 737?
False
Is 31 a factor of 34224?
True
Is 51 a factor of 95874?
False
Does 132 divide 622644?
True
Is 37121 a multiple of 450?
False
Does 13 divide 37258?
True
Does 113 divide 222860?
False
Is 993826 a multiple of 82?
False
Is 1485599 a multiple of 431?
False
Is 239875 a multiple of 47?
False
Is 6856229 a multiple of 14?
False
Is 25 a factor of 194200?
True
Is 15 a factor of 1317315?
True
Is 58049 a multiple of 2?
False
Is 55667 a multiple of 87?
False
Is 37 a factor of 3981978?
False
Does 341 divide 775725?
False
Does 198 divide 769459?
False
Is 189375 a multiple of 35?
False
Is 241 a factor of 20506690?
True
Is 325 a factor of 2107625?
True
Is 55531 a multiple of 18?
False
Does 32 divide 5714176?
True
Does 463 divide 1888917?
False
Does 268 divide 5903772?
True
Does 6 divide 4265903?
False
Is 125024 a multiple of 103?
False
D